12?
29a6690
In base 5, what is -20023004 + -11?
-20023020
In base 13, what is 169 + 3989?
3b25
In base 7, what is -3115 + 4651463?
4645345
In base 15, what is 1ddb20 - 2?
1ddb1d
In base 4, what is -11121213230 + -21?
-11121213311
In base 3, what is 120 + -20201202221?
-20201202101
In base 15, what is -67d + 10c0d9?
10b95b
In base 3, what is -121 + 2000101021201?
2000101021010
In base 16, what is -1534cdd - -3?
-1534cda
In base 9, what is 722726 - 14?
722712
In base 15, what is 1adb7 + 5bb?
1b483
In base 15, what is -2 + 164174?
164172
In base 7, what is 114641 + 22140?
140111
In base 12, what is -1a856a - 8?
-1a8576
In base 14, what is 12c116c + -5?
12c1167
In base 8, what is 17662124 - 40?
17662064
In base 10, what is 904 - 170127?
-169223
In base 16, what is -14d6b - -3b4?
-149b7
In base 12, what is 7 - -168433?
16843a
In base 11, what is 70 - 137159?
-137099
In base 12, what is -760ba92 + -3?
-760ba95
In base 10, what is 368690 + 35?
368725
In base 4, what is 323222111213 + -11?
323222111202
In base 15, what is 1548b - 155?
15336
In base 9, what is -7 + -1432058?
-1432066
In base 7, what is 1325 - -202642?
204300
In base 13, what is -882b18 + -75?
-882b90
In base 12, what is 13 - -7b2060?
7b2073
In base 3, what is -20002201112 - -222120?
-20001201222
In base 12, what is 1404798 - -26?
1404802
In base 13, what is 1b0bc + -2030?
1908c
In base 6, what is -151124 - -14240?
-132444
In base 4, what is -3 - 111230032130210?
-111230032130213
In base 11, what is -25 - -269a105?
269a090
In base 4, what is -1 - 10132011233103?
-10132011233110
In base 4, what is 31 + -33322323020?
-33322322323
In base 16, what is 5 + -270cc18?
-270cc13
In base 14, what is 2aa4 - 1739?
1369
In base 6, what is 111 + -1551352?
-1551241
In base 14, what is -14d - -1848b?
1833c
In base 4, what is 12200132101020 + 12?
12200132101032
In base 16, what is -ce3dc + -12?
-ce3ee
In base 13, what is -c2 + -5bc79?
-5c06b
In base 4, what is -2230000210 - -1112?
-2223333032
In base 11, what is 2751 + 778?
3419
In base 11, what is 2a2 - 325187?
-324995
In base 15, what is 6bae - -e1?
6ca0
In base 10, what is -673803 - 5?
-673808
In base 9, what is -3 - -2354062?
2354058
In base 10, what is 326 + -198864?
-198538
In base 7, what is -25332336053 - 5?
-25332336061
In base 3, what is -1100021122202121221 - 12?
-1100021122202122010
In base 5, what is -21211 - 31244030?
-31320241
In base 10, what is -214213 + 56?
-214157
In base 3, what is -2102 + -21001102002222?
-21001102012101
In base 16, what is 8 - e089f?
-e0897
In base 14, what is 20b56 + 14?
20b6a
In base 7, what is -435 - 4040153?
-4040621
In base 13, what is -4 - -189a7b86?
189a7b82
In base 3, what is -2 + 1022021120120?
1022021120111
In base 4, what is -22032023012 + 3330?
-22032013022
In base 8, what is 1425 + 334?
1761
In base 10, what is -13130 + -10912?
-24042
In base 12, what is -139595 - -1a2?
-1393b3
In base 13, what is -a8641 - -1?
-a8640
In base 11, what is 10056 + -131?
aa25
In base 5, what is 244 + 1131333021?
1131333320
In base 6, what is 1253453 + -15?
1253434
In base 2, what is 1000110 - -111100100001?
111101100111
In base 12, what is 84 + -6524a7?
-652423
In base 16, what is -10fa6 + 226?
-10d80
In base 8, what is 1 + 2747757654?
2747757655
In base 6, what is 122233 - 22404?
55425
In base 3, what is 11 - -20022002220101112?
20022002220101200
In base 5, what is 113002 + 203134?
321141
In base 4, what is 3120020110220 - 102?
3120020110112
In base 16, what is f - 921ac?
-9219d
In base 9, what is 3832741 - -14?
3832755
In base 12, what is 47b3b1 - -8?
47b3b9
In base 5, what is 1420 + -1013323?
-1011403
In base 8, what is 14140 - -11354?
25514
In base 12, what is -33419a - -8?
-334192
In base 10, what is 56 + -805557?
-805501
In base 16, what is -130c246 + -4?
-130c24a
In base 8, what is 115 + 1000341?
1000456
In base 3, what is 0 - 21210011211112012?
-21210011211112012
In base 3, what is 22202 - -2202012201?
2202112110
In base 14, what is -1475ad36 + 5?
-1475ad31
In base 9, what is 8867173 - -53?
8867236
In base 8, what is 3 + -15770523?
-15770520
In base 15, what is -11460a - 1c?
-114627
In base 12, what is 2973907 + 0?
2973907
In base 5, what is 1413 - -13000320?
13002233
In base 2, what is 0 + -10111111101011110000011110001?
-10111111101011110000011110001
In base 9, what is -26572 + 15606?
-10865
In base 7, what is -5 - -43263150?
43263142
In base 3, what is -1002202001221 + 101?
-1002202001120
In base 16, what is -bea2 + -1f8e?
-de30
In base 14, what is -24382 + -2d?
-243b1
In base 16, what is 4e5 + 6bf0?
70d5
In base 4, what is -1330123033 - 2?
-1330123101
In base 14, what is -18 - -d5000?
d4dc6
In base 14, what is 1a465c + b27?
1a5385
In base 7, what is 155330652 + 16?
155331001
In base 15, what is -4 - 823241?
-823245
In base 12, what is -29 + -8760?
-8789
In base 13, what is 1a1ba46 - -3?
1a1ba49
In base 13, what is -9631 + -2bb8?
-c519
In base 6, what is 3402141401 - -10?
3402141411
In base 16, what is f793 - -f2?
f885
In base 5, what is 13332 + -114003043?
-113434211
In base 12, what is 28925 - 134?
287b1
In base 15, what is 4 - 19568?
-19564
In base 14, what is -5318 - -5c8?
-4b30
In base 2, what is 10 - 1011110101010011101000?
-1011110101010011100110
In base 8, what is 1146305226 - -2?
1146305230
In base 4, what is 1300010123302 + 1?
1300010123303
In base 9, what is -20 + 21887818?
21887788
In base 15, what is 19237 - -5d?
19295
In base 6, what is 24001533401 + -2?
24001533355
In base 7, what is 224 + 10145544?
10146101
In base 6, what is -2 + 452423353?
452423351
In base 16, what is cbd233 + 7?
cbd23a
In base 2, what is -1001001110 + 100001001101010101?
100001000100000111
In base 14, what is 57c0 + a5?
5885
In base 8, what is -16 - 5116441?
-5116457
In base 8, what is 10164240 - -33?
10164273
In base 12, what is -1945 - 7673?
-93b8
In base 16, what is -170284 - 2?
-170286
In base 13, what is -1a5b5 + 208a?
-18528
In base 5, what is 112411033140 - 3?
112411033132
In base 7, what is -14523 - -3300?
-11223
In base 11, what is -4166753 + -1?
-4166754
In base 2, what is 1011011101001000110111111 - 1?
1011011101001000110111110
In base 13, what is -25 + -3381936?
-338195b
In base 7, what is 60114530 - -52?
60114612
In base 11, what is 25061 - 2a5?
24867
In base 12, what is -33 + 10a037?
10a004
In base 4, what is -33110 - -21120130?
21021020
In base 12, what is 103bb5b - -5?
103bb64
In base 14, what is -209d9c + 39?
-209d63
In base 6, what is -5 - -4243321?
4243312
In base 4, what is -101 + -10221233331?
-10221300032
In base 8, what is -13 + 12425136?
12425123
In base 16, what is -f + 4685e?
4684f
In base 13, what is 0 + -529b32?
-529b32
In base 3, what is -22201 + -2102100100?
-2102200001
In base 8, what is 16471304 - 1?
16471303
In base 16, what is 7ec70 + 12c?
7ed9c
In base 4, what is -2213302303201 + 2?
-2213302303133
In base 3, what is 21121000112 + -102011?
21120121101
In base 12, what is 21745 - 81?
21684
In base 7, what is -546053 + 425?
-545325
In base 4, what is -2 - 30320212312212?
-30320212312220
In base 11, what is -2424 - 1821?
-4145
In base 13, what is 2195b8 + 8?
2195c3
In base 2, what is 101110100111110 - 110110101?
101101110001001
In base 4, what is 11312213 + 310102?
12222321
In base 6, what is -503214 - -143?
-503031
In base 8, what is 3353704 + 40?
3353744
In base 12, what is 457 + -2538?
-20a1
In base 16, what is e765 + -137?
e62e
In base 7, what is -2 + -1541504325?
-1541504330
In base 5, what is -10 + 204413111?
204413101
In base 3, what is -1101101 - -10002011111?
10000210010
In base 12, what is -68ba64a2 + 3?
-68ba649b
In base 13, what is 85a3c5 + -1?
85a3c4
In base 9, what is -355271 + 3?
-355267
In base 3, what is 12200101011210 + 20211?
12200101102121
In base 16, what is 1d0b12e - -5?
1d0b133
In base 3, what is 1020012 + -212012?
101000
In base 13, what is -a330 + -2627?
-c957
In base 8, what is 3553334 - -316?
3553652
In base 12, what is -7 + 5501909?
5501902
In base 9, what is -305722 + 300?
-305422
In base 7, what is -5 - -1614350003?
1614346665
In base 7, what is 25 - -4106422?
4106450
In base 3, what is -12122122101 - -1222010?
-12120200021
In base 8, what is -5216540 + 26?
-5216512
In base 14, what is 2b + 1a216a9?
1a216d6
In base 7, what is -10 + 10512452?
10512442
In base 3,